
In base 5, what is -1142 + -14?
-1211
In base 4, what is 10 + 22?
32
In base 10, what is -3347 - -3?
-3344
In base 12, what is 4 - -46?
4a
In base 3, what is -10202 + -110?
-11012
In base 11, what is -2 + -615?
-617
In base 11, what is -3 + 7a?
77
In base 5, what is 4132 + 1?
4133
In base 4, what is 21 + -211?
-130
In base 6, what is -11 - -1231?
1220
In base 3, what is -1012010 - -10?
-1012000
In base 2, what is -101 - 1001000?
-1001101
In base 14, what is -1a1a - 0?
-1a1a
In base 12, what is 3795 - 5?
3790
In base 15, what is cc - 2?
ca
In base 9, what is -105 + -16?
-122
In base 16, what is -2 - 8d?
-8f
In base 4, what is -10 - -3312?
3302
In base 16, what is 8 - -4?
c
In base 3, what is 10 + -222021?
-222011
In base 13, what is -2 - -17b?
179
In base 7, what is -3 - -1051?
1045
In base 9, what is -6 - 412?
-418
In base 7, what is 4 + -342?
-335
In base 12, what is 136 + -2?
134
In base 14, what is -3 + a47?
a44
In base 6, what is -3100 + -10?
-3110
In base 10, what is -4 - 9?
-13
In base 2, what is -10101 + -1010?
-11111
In base 15, what is -e36 + -2?
-e38
In base 8, what is 2366 - -5?
2373
In base 13, what is 374 + 0?
374
In base 12, what is 503 - 8?
4b7
In base 7, what is 4 + -55?
-51
In base 2, what is 1000111 - 1000?
111111
In base 16, what is -1b + -13d?
-158
In base 11, what is 1 - 811?
-810
In base 7, what is 2 - 114?
-112
In base 10, what is 994 - 5?
989
In base 6, what is -5 + -325?
-334
In base 2, what is 11011111 - 1?
11011110
In base 15, what is -68 + 0?
-68
In base 16, what is -c + a3?
97
In base 12, what is 4 - -92?
96
In base 7, what is -65 - -15?
-50
In base 4, what is -11 - -2030?
2013
In base 11, what is -60 + -5?
-65
In base 4, what is -1 - 2020?
-2021
In base 12, what is 10 - -860?
870
In base 15, what is 4 + -3d4?
-3d0
In base 12, what is -5 - 91?
-96
In base 11, what is 1 - 120?
-11a
In base 12, what is -22 + -1a?
-40
In base 6, what is 3 - -14?
21
In base 6, what is 32 - 2150?
-2114
In base 15, what is -5de + -1?
-5e0
In base 3, what is 1 + 100222?
101000
In base 14, what is -23a - c?
-248
In base 16, what is 9 - 4?
5
In base 7, what is -552 + -3?
-555
In base 3, what is -100210 + 20?
-100120
In base 11, what is 5 - 234?
-22a
In base 3, what is -1010212 - -12?
-1010200
In base 6, what is -223 - -1?
-222
In base 7, what is -30 - 136?
-166
In base 3, what is 100012 - 11?
100001
In base 2, what is -11 - -111000?
110101
In base 5, what is 140 + 2?
142
In base 15, what is -3 + 242?
23e
In base 4, what is 3 + -1033?
-1030
In base 14, what is 1 - -218?
219
In base 11, what is 15 + -13?
2
In base 6, what is 5211 + 32?
5243
In base 2, what is -1001 + 111100100?
111011011
In base 13, what is 0 + 227?
227
In base 14, what is d - -17?
26
In base 16, what is -1de - 3?
-1e1
In base 9, what is -1 - -543?
542
In base 9, what is -4 + 76?
72
In base 13, what is -90 - -6c?
-21
In base 2, what is -1000100100 + 1?
-1000100011
In base 14, what is 47 + b?
54
In base 10, what is 5 + 66?
71
In base 12, what is 16 - 4?
12
In base 14, what is 40d + 5?
414
In base 6, what is 1 + 52134?
52135
In base 13, what is c + -63?
-54
In base 6, what is -3 - -41031?
41024
In base 6, what is 131 - -5?
140
In base 11, what is 10 - 2?
9
In base 2, what is 101 + 10010?
10111
In base 13, what is -2b8 - 1?
-2b9
In base 7, what is -306 - -25?
-251
In base 11, what is 45 + -11?
34
In base 6, what is 11 - -5?
20
In base 14, what is -7c + 89?
b
In base 8, what is -2441 + 0?
-2441
In base 14, what is 52 - 7?
49
In base 3, what is 0 + -2120111?
-2120111
In base 12, what is 1 - 1b?
-1a
In base 3, what is 2001211 + 11?
2001222
In base 3, what is -10000121 + -2?
-10000200
In base 16, what is -2a + 2?
-28
In base 12, what is a11 + -3?
a0a
In base 2, what is 11 + -1010?
-111
In base 13, what is -4 + 8?
4
In base 7, what is -3 + -52?
-55
In base 13, what is 179 + 4?
180
In base 10, what is 0 - -8?
8
In base 8, what is 41 - -525?
566
In base 6, what is 15004 - -1?
15005
In base 10, what is 4 + 285?
289
In base 9, what is -83 - -30?
-53
In base 12, what is -4 - 14?
-18
In base 13, what is 138 + 4?
13c
In base 3, what is 102102 + 0?
102102
In base 3, what is -2 - 1211?
-1220
In base 8, what is 150 - 46?
102
In base 3, what is 22 + 222?
1021
In base 6, what is 1 - 35?
-34
In base 3, what is -10200 + 2?
-10121
In base 4, what is 2013201 + -3?
2013132
In base 7, what is 2 + -1005?
-1003
In base 9, what is 40 - 164?
-124
In base 15, what is -355 - 1?
-356
In base 5, what is 10 - 110?
-100
In base 4, what is 0 - -1312?
1312
In base 3, what is -11 - 10112?
-10200
In base 10, what is 226 + 4?
230
In base 2, what is -100 + -1010000011?
-1010000111
In base 9, what is 434 + 1?
435
In base 16, what is -1 - -340?
33f
In base 15, what is -e7 - 0?
-e7
In base 5, what is 123 - 13?
110
In base 4, what is -1 + -121?
-122
In base 4, what is -3200 - 1?
-3201
In base 8, what is -21 + -14?
-35
In base 4, what is 13 - 130?
-111
In base 5, what is -4041 - 1?
-4042
In base 12, what is 669 + 4?
671
In base 8, what is -313 - 0?
-313
In base 16, what is -5 - -2a?
25
In base 14, what is -4 - -b?
7
In base 4, what is -21 - 1121?
-1202
In base 14, what is 71 + 4?
75
In base 15, what is -c - -16c?
160
In base 10, what is 10 + 15?
25
In base 6, what is 310 + -155?
111
In base 4, what is -31 - 113?
-210
In base 16, what is -7e + -4?
-82
In base 9, what is -1 - -437?
436
In base 6, what is 31 - 15?
12
In base 9, what is -62 - 0?
-62
In base 15, what is 74 - c?
67
In base 6, what is -1210 + 100?
-1110
In base 11, what is 7 + -7?
0
In base 8, what is 32 + 73?
125
In base 16, what is 5 - -296?
29b
In base 5, what is -3 + 4?
1
In base 9, what is 1158 + 3?
1162
In base 14, what is 107 - -3?
10a
In base 12, what is a9 - 1?
a8
In base 7, what is 52 - -33?
115
In base 3, what is 211 - -12?
1000
In base 2, what is -101 + -111000?
-111101
In base 2, what is -10 - -11111?
11101
In base 14, what is -4c + 70?
22
In base 7, what is -6 - 306?
-315
In base 3, what is -2101110 - 10?
-2101120
In base 12, what is 1 + a8?
a9
In base 11, what is 99 + -32?
67
In base 7, what is -2 + -13255?
-13260
In base 11, what is 1 + -5a?
-59
In base 9, what is 64 - -5?
70
In base 11, what is 5 + -82?
-78
In base 10, what is 88 + -5?
83
In base 14, what is -1 - 1d2?
-1d3
In base 2, what is 1100110 - -1101?
1110011
In base 16, what is -d - -16?
9
In base 9, what is 3 + 655?
658
In base 13, what is -118 + 1?
-117
In base 8, what is 215 - -3?
220
In base 7, what is -430 - -1?
-426
In base 15, what is -4 + -c?
-11
In base 15, what is 5 + 2c5?
2ca
In base 16, what is a + -63?
-59
In base 3, what is -22120100 - -11?
-22120012
In base 16, what is 8 + 37?
3f
In base 3, what is -1102 + -21?
-1200
In base 9, what is -5 + 26?
21
In base 12, what is 4 - 22?
-1a
In base 7, what is -6 - 1412?
-1421
In base 4, what is 1323 - -210?
2133
In base 16, what is -13 + 12b?
118
In base 7, what is 224 - -232?
456
In base 7, what is 3 + -3041?
-3035
In base 10, what is 3 - -16?
19
In base 6, what is -155 + 5?
-150
In base 16, what is -1aa - -2?
-1a8
In base 2, what is 11110001 + 101?
11110110
In base 10, what is 38 - -37?
75
In base 13, what is -4 - -29?
25
In base 14, what is -3 + -112?
-115
In base 11, what is 510 - -4?
514
In base 2, what is -110100 + -10001100?
-11000000
In base 9, what is -5 + -157?
-163
In base 16, what is 3 + -f7b?
-f78
In base 9, what is -11 + -4773?
-4784
In base 9, what is -18 + 121?
102
In base 16, what is 11 - 6?
b
In base 8, what is -53 - -3?
-50
In base 4, what is 3 - -11?
20
In base 13, what is 1c + 0?
1c
In base 16, what is -bb0 - 2?
-bb2
In base 11, what is -95 - -4?
-91
In base 7, what is -2006 + -4?
-2013
In base 8, what is 6677 + 2?
6701
In base 5, what is -230 + -10?
-240
In base 7, what is -1 + -1412?
-1413
In base 10, what is 3 - -66?
69
In base 2, what is -1001010000101 - 101?
-1001010001010
In base 4, what is 2201103 + 0?
2201103
In base 6, what is -1554 - 2?
-2000
In base 3, what is 12 + 102?
121
In base 5, what is -4 + 1044?
1040
In base 13, what is -7ac + -1?
-7b0
In base 13, what is 7a7 + 1?
7a8
In base 6, what is 44222 - 4?
44214
In base 7, what is -60 - 246?
-336
In base 6, what is -5 + 321?
312
In base 7, what is 5 + 40?
45
In base 4, what is 3 - -202021?
202030
In base 2, what is 11101001010100 - -100?
1110100101